st common factor of 2608 and 432.
16
Calculate the greatest common divisor of 60048 and 18209.
139
What is the highest common divisor of 289653 and 156?
39
Calculate the greatest common factor of 748 and 39710.
22
What is the highest common divisor of 72 and 1344888?
72
What is the highest common divisor of 3865722 and 42?
42
Calculate the greatest common factor of 2020 and 384305.
505
Calculate the greatest common divisor of 6380 and 220.
220
Calculate the highest common divisor of 1043 and 4619.
149
Calculate the highest common divisor of 959 and 17947.
137
What is the highest common divisor of 11 and 347303?
11
Calculate the highest common factor of 29 and 254.
1
Calculate the highest common divisor of 1408 and 81224.
88
Calculate the highest common factor of 2916 and 336.
12
What is the greatest common factor of 1363 and 43732?
29
Calculate the greatest common factor of 179842 and 65.
13
What is the greatest common factor of 9 and 1923?
3
What is the highest common divisor of 604 and 359682?
302
What is the greatest common divisor of 4494510 and 180?
90
Calculate the greatest common factor of 28 and 51982.
14
What is the greatest common factor of 20745 and 90?
45
What is the highest common factor of 7569 and 27?
9
Calculate the greatest common factor of 298 and 57961.
149
Calculate the greatest common factor of 1328 and 63412.
332
Calculate the greatest common divisor of 27210 and 330.
30
Calculate the greatest common divisor of 7 and 2659489.
7
Calculate the greatest common factor of 9424 and 192.
16
Calculate the greatest common divisor of 3104 and 104.
8
Calculate the highest common factor of 386304 and 40704.
768
What is the highest common factor of 165790 and 1180?
590
Calculate the greatest common factor of 672 and 50904.
168
Calculate the greatest common divisor of 8 and 429088.
8
What is the greatest common factor of 302819 and 11?
11
What is the highest common divisor of 432 and 5088?
48
Calculate the greatest common divisor of 246870 and 2184.
78
What is the highest common divisor of 327 and 69?
3
Calculate the greatest common divisor of 148473 and 141.
141
Calculate the greatest common factor of 17 and 694008.
17
What is the greatest common factor of 1088 and 130883?
17
Calculate the highest common factor of 23080 and 120.
40
What is the greatest common factor of 6369 and 3474?
579
Calculate the greatest common factor of 77 and 1792.
7
What is the highest common factor of 1488 and 1458?
6
What is the greatest common divisor of 5538 and 1937?
13
What is the greatest common divisor of 2847 and 143?
13
What is the highest common divisor of 3876 and 2812?
76
What is the greatest common divisor of 9514 and 4020?
134
What is the highest common factor of 3616 and 4633?
113
Calculate the greatest common factor of 5624 and 31236.
76
What is the greatest common divisor of 11914 and 3108?
518
Calculate the greatest common divisor of 324 and 70536.
12
Calculate the highest common factor of 240 and 3920.
80
What is the greatest common factor of 3468 and 180?
12
What is the greatest common divisor of 680 and 15136?
8
Calculate the greatest common divisor of 303 and 3.
3
What is the highest common divisor of 1122 and 1394?
34
What is the highest common divisor of 20 and 1807060?
20
What is the greatest common factor of 139 and 245196?
139
What is the highest common divisor of 74790 and 252?
18
What is the highest common factor of 8 and 31288?
8
Calculate the greatest common factor of 972 and 18180.
36
Calculate the highest common divisor of 512 and 176384.
256
Calculate the greatest common divisor of 1143 and 468.
9
What is the highest common divisor of 13 and 40950?
13
Calculate the highest common divisor of 115 and 127995.
115
Calculate the greatest common divisor of 9120 and 1920.
480
Calculate the greatest common divisor of 167634 and 134.
134
What is the highest common divisor of 104 and 2928?
8
Calculate the highest common factor of 262454 and 6538.
934
Calculate the highest common divisor of 1638 and 35048.
26
Calculate the highest common factor of 389535 and 15.
15
What is the greatest common divisor of 41094 and 37289?
761
Calculate the greatest common factor of 15827 and 52649.
323
Calculate the highest common divisor of 5367 and 39.
3
Calculate the greatest common factor of 581 and 62333.
83
What is the greatest common divisor of 10461184 and 512?
512
Calculate the greatest common factor of 1984048 and 48.
16
Calculate the greatest common divisor of 34911 and 162.
81
What is the highest common divisor of 1003 and 91096?
59
Calculate the greatest common divisor of 304791 and 1077.
1077
What is the highest common divisor of 84 and 8493051?
21
Calculate the greatest common factor of 49487 and 710.
71
Calculate the greatest common divisor of 744 and 58218.
186
What is the highest common divisor of 891 and 1679238?
297
Calculate the greatest common factor of 5 and 19265.
5
What is the highest common divisor of 40 and 1192?
8
What is the greatest common factor of 43 and 120271?
43
What is the greatest common factor of 2009 and 29561?
287
Calculate the greatest common divisor of 477851 and 44.
11
What is the greatest common divisor of 6 and 62502?
6
Calculate the highest common divisor of 22 and 193666.
22
Calculate the highest common divisor of 10936 and 16.
8
What is the greatest common factor of 1633 and 7100?
71
Calculate the greatest common factor of 980 and 276724.
28
What is the highest common factor of 512 and 18816?
128
Calculate the greatest common divisor of 31221 and 666.
9
What is the greatest common factor of 2187472 and 784?
112
What is the greatest common divisor of 100542 and 273?
39
What is the highest common divisor of 1760 and 140360?
440
Calculate the greatest common factor of 220 and 7832.
44
What is the highest common factor of 2320514 and 5991?
1997
Calculate the greatest common divisor of 49084 and 28.
28
Calculate the greatest common factor of 334 and 116733.
167
Calculate the highest common divisor of 60315 and 2715.
15
Calculate the highest common factor of 1060472 and 40600.
1624
Calculate the highest common divisor of 552196 and 1016.
508
Calculate the highest common divisor of 3 and 35925.
3
What is the highest common factor of 32328 and 216?
72
What is the highest common divisor of 288 and 93768?
24
What is the highest common factor of 42 and 54936?
42
What is the highest common factor of 548464 and 16?
16
What is the highest common factor of 54454 and 76?
38
Calculate the highest common factor of 140 and 350560.
140
What is the greatest common divisor of 1437473 and 113?
113
Calculate the greatest common factor of 98 and 26572.
14
Calculate the highest common divisor of 62465 and 286.
13
Calculate the greatest common divisor of 4247 and 125953.
31
What is the greatest common factor of 24881 and 895?
179
Calculate the greatest common divisor of 355 and 19099.
71
What is the highest common factor of 535 and 1079095?
535
Calculate the greatest common divisor of 22865 and 87156.
269
What is the highest common factor of 224 and 1391264?
224
What is the highest common divisor of 75499 and 8034?
103
What is the highest common divisor of 10 and 13862120?
10
What is the highest common divisor of 74380 and 60?
20
Calculate the highest common factor of 24816 and 74824.
376
What is the greatest common factor of 119 and 123862?
17
Calculate the highest common factor of 3443 and 44.
11
Calculate the greatest common divisor of 108 and 1786914.
54
Calculate the greatest common factor of 5995 and 715.
55
Calculate the greatest common factor of 21392 and 208.
16
Calculate the highest common factor of 21186 and 856.
214
Calculate the greatest common divisor of 11770 and 448437.
1177
What is the greatest common factor of 1278 and 101322?
18
What is the highest common divisor of 405 and 376245?
405
What is the highest common factor of 11 and 6403?
1
What is the greatest common divisor of 340 and 884?
68
Calculate the highest common divisor of 675120 and 40.
40
Calculate the greatest common factor of 57 and 64315.
19
What is the highest common divisor of 17110 and 913910?
590
Calculate the highest common factor of 45472 and 16.
16
What is the highest common factor of 90900 and 2025?
225
Calculate the highest common factor o